, 7, 71
What are the prime factors of 13742?
2, 6871
What are the prime factors of 3591?
3, 7, 19
List the prime factors of 5050.
2, 5, 101
What are the prime factors of 23247?
3, 7, 41
List the prime factors of 3727.
3727
List the prime factors of 75215.
5, 7, 307
What are the prime factors of 1622?
2, 811
List the prime factors of 4386.
2, 3, 17, 43
List the prime factors of 23882.
2, 11941
List the prime factors of 1113.
3, 7, 53
What are the prime factors of 2213?
2213
What are the prime factors of 124?
2, 31
What are the prime factors of 9382?
2, 4691
What are the prime factors of 71232?
2, 3, 7, 53
List the prime factors of 105291.
3, 11699
List the prime factors of 1939.
7, 277
What are the prime factors of 86890?
2, 5, 8689
What are the prime factors of 544?
2, 17
What are the prime factors of 2456?
2, 307
List the prime factors of 6533.
47, 139
What are the prime factors of 1509?
3, 503
List the prime factors of 14051.
14051
What are the prime factors of 3707?
11, 337
What are the prime factors of 14199?
3, 4733
What are the prime factors of 22216?
2, 2777
What are the prime factors of 62839?
7, 47, 191
List the prime factors of 201225.
3, 5, 2683
List the prime factors of 44489.
17, 2617
List the prime factors of 2156.
2, 7, 11
List the prime factors of 1335.
3, 5, 89
List the prime factors of 5108.
2, 1277
What are the prime factors of 1978?
2, 23, 43
List the prime factors of 7877.
7877
What are the prime factors of 1410?
2, 3, 5, 47
List the prime factors of 6151.
6151
What are the prime factors of 104457?
3, 34819
List the prime factors of 4427.
19, 233
List the prime factors of 16947.
3, 7, 269
What are the prime factors of 68089?
7, 71, 137
What are the prime factors of 4428?
2, 3, 41
What are the prime factors of 11660?
2, 5, 11, 53
List the prime factors of 382.
2, 191
What are the prime factors of 228?
2, 3, 19
List the prime factors of 12609.
3, 467
List the prime factors of 2500.
2, 5
List the prime factors of 22793.
23, 991
What are the prime factors of 1055?
5, 211
What are the prime factors of 20971?
67, 313
List the prime factors of 324.
2, 3
What are the prime factors of 6535?
5, 1307
What are the prime factors of 724?
2, 181
List the prime factors of 2033.
19, 107
List the prime factors of 33344.
2, 521
List the prime factors of 58507.
41, 1427
List the prime factors of 822.
2, 3, 137
What are the prime factors of 869?
11, 79
What are the prime factors of 85253?
7, 19, 641
What are the prime factors of 299?
13, 23
List the prime factors of 1388.
2, 347
List the prime factors of 1984.
2, 31
List the prime factors of 437.
19, 23
What are the prime factors of 2167?
11, 197
What are the prime factors of 22725?
3, 5, 101
What are the prime factors of 1549?
1549
What are the prime factors of 34753?
23, 1511
What are the prime factors of 1051?
1051
List the prime factors of 4992.
2, 3, 13
What are the prime factors of 56456?
2, 7057
What are the prime factors of 5809?
37, 157
What are the prime factors of 22895?
5, 19, 241
What are the prime factors of 17298?
2, 3, 31
List the prime factors of 269.
269
What are the prime factors of 19752?
2, 3, 823
What are the prime factors of 48827?
157, 311
List the prime factors of 19942.
2, 13, 59
List the prime factors of 845.
5, 13
What are the prime factors of 1129?
1129
What are the prime factors of 63150?
2, 3, 5, 421
What are the prime factors of 87393?
3, 29131
List the prime factors of 3602.
2, 1801
What are the prime factors of 1732?
2, 433
What are the prime factors of 501?
3, 167
What are the prime factors of 65848?
2, 8231
List the prime factors of 1171.
1171
List the prime factors of 7586.
2, 3793
List the prime factors of 1992.
2, 3, 83
List the prime factors of 11230.
2, 5, 1123
List the prime factors of 20631.
3, 13, 23
List the prime factors of 5019.
3, 7, 239
What are the prime factors of 1335?
3, 5, 89
What are the prime factors of 6593?
19, 347
What are the prime factors of 660?
2, 3, 5, 11
What are the prime factors of 71817?
3, 37, 647
What are the prime factors of 3035?
5, 607
What are the prime factors of 23414?
2, 23, 509
What are the prime factors of 17465?
5, 7, 499
What are the prime factors of 8028?
2, 3, 223
List the prime factors of 712.
2, 89
List the prime factors of 2303.
7, 47
What are the prime factors of 5683?
5683
What are the prime factors of 10469?
19, 29
List the prime factors of 615.
3, 5, 41
What are the prime factors of 7348?
2, 11, 167
What are the prime factors of 299?
13, 23
What are the prime factors of 29414?
2, 7, 11, 191
What are the prime factors of 49950?
2, 3, 5, 37
List the prime factors of 71253.
3, 7, 13, 29
List the prime factors of 32.
2
What are the prime factors of 71661?
3, 23887
What are the prime factors of 4937?
4937
List the prime factors of 12311.
13, 947
What are the prime factors of 137150?
2, 5, 13, 211
What are the prime factors of 48168?
2, 3, 223
What are the prime factors of 47001?
3, 15667
List the prime factors of 4483.
4483
List the prime factors of 11158.
2, 7, 797
List the prime factors of 20088.
2, 3, 31
What are the prime factors of 957?
3, 11, 29
What are the prime factors of 21538?
2, 11, 89
What are the prime factors of 527?
17, 31
What are the prime factors of 956?
2, 239
List the prime factors of 46624.
2, 31, 47
List the prime factors of 310.
2, 5, 31
What are the prime factors of 54437?
54437
List the prime factors of 1042.
2, 521
What are the prime factors of 4451?
4451
What are the prime factors of 43699?
89, 491
List the prime factors of 27376.
2, 29, 59
What are the prime factors of 6211?
6211
What are the prime factors of 466?
2, 233
What are the prime factors of 565?
5, 113
What are the prime factors of 199?
199
What are the prime factors of 22402?
2, 23, 487
List the prime factors of 1722.
2, 3, 7, 41
List the prime factors of 58028.
2, 89, 163
What are the prime factors of 1131?
3, 13, 29
List the prime factors of 111201.
3, 101, 367
What are the prime factors of 1140?
2, 3, 5, 19
List the prime factors of 7785.
3, 5, 173
List the prime factors of 1934.
2, 967
What are the prime factors of 66552?
2, 3, 47, 59
What are the prime factors of 1227?
3, 409
What are the prime factors of 103055?
5, 20611
What are the prime factors of 162?
2, 3
What are the prime factors of 37405?
5, 7481
What are the prime factors of 256?
2
What are the prime factors of 107463?
3, 113, 317
What are the prime factors of 4719?
3, 11, 13
What are the prime factors of 837?
3, 31
What are the prime factors of 10005?
3, 5, 23, 29
List the prime factors of 1909.
23, 83
List the prime factors of 199032.
2, 3, 8293
List the prime factors of 958.
2, 479
What are the prime factors of 373?
373
List the prime factors of 760.
2, 5, 19
List the prime factors of 1881.
3, 11, 19
What are the prime factors of 2082?
2, 3, 347
List the prime factors of 3660.
2, 3, 5, 61
What are the prime factors of 7026?
2, 3, 1171
What are the prime factors of 1057?
7, 151
What are the prime factors of 1725?
3, 5, 23
What are the prime factors of 34975?
5, 1399
What are the prime factors of 1743?
3, 7, 83
List the prime factors of 3725.
5, 149
What are the prime factors of 28760?
2, 5, 719
List the prime factors of 1589.
7, 227
List the prime factors of 5354.
2, 2677
What are the prime factors of 542?
2, 271
List the prime factors of 151.
151
What are the prime factors of 59036?
2, 14759
What are the prime factors of 3076?
2, 769
List the prime factors of 1701.
3, 7
What are the prime factors of 65269?
65269
What are the prime factors of 1326?
2, 3, 13, 17
What are the prime factors of 6242?
2, 3121
What are the prime factors of 64628?
2, 107, 151
List the prime factors of 76801.
76801
What are the prime factors of 78?
2, 3, 13
List the prime factors of 1704.
2, 3, 71
What are the prime factors of 1551?
3, 11, 47
What are the prime factors of 130?
2, 5, 13
List the prime factors of 16105.
5, 3221
List the prime factors of 5541.
3, 1847
List the prime factors of 18031.
13, 19, 73
What are the prime factors of 24004?
2, 17, 353
What are the prime factors of 77485?
5, 15497
List the prime factors of 8263.
8263
What are the prime factors of 148?
2, 37
What are the prime factors of 31734?
2, 3, 41, 43
List the prime factors of 99.
3, 11
What are the